2*r**3 - 38*r**2 + 17*r - 303. Determine x(19).
20
Let s(l) = l**3 + 10*l**2 - 33*l - 110. Determine s(-12).
-2
Let o(n) = -2*n**3 - 7*n**2 + 28*n + 9. What is o(-8)?
361
Let m(y) = -2*y**2 - 448*y - 2665. Determine m(-6).
-49
Let h(p) = -23*p + 130. What is h(7)?
-31
Let o(b) = -96*b + 657. Determine o(8).
-111
Let c(m) = -m**2 - 39*m - 453. Calculate c(-20).
-73
Let n(z) = z**2 + 16*z - 2. Determine n(-14).
-30
Let i(m) = 1349*m + 299481. Determine i(-222).
3
Let q(c) = -c**3 + 6*c**2 + 210*c - 1253. Calculate q(6).
7
Let l(i) = -i**3 + 71*i**2 - 74*i + 170. Calculate l(70).
-110
Let u(y) = 2*y**2 + 136*y - 519. Calculate u(-72).
57
Let h(l) = -l**3 - 6*l**2 + 39*l + 136. Give h(-12).
532
Let u(m) = -48*m - 2515. Give u(-53).
29
Let r(f) = -264*f - 849. Calculate r(-3).
-57
Let o(f) = -f**3 - 9*f**2 - 2*f - 29. What is o(-9)?
-11
Let v(m) = -7456*m + 44731. Calculate v(6).
-5
Let b(t) = -t**2 - 302*t - 16396. Determine b(-71).
5
Let l(b) = 14*b**2 - 617*b - 54. Determine l(44).
-98
Let g(k) = 2*k**3 - 98*k**2 - 98*k - 200. Give g(50).
-100
Let b(i) = -6*i**2 + i + 39. Calculate b(-3).
-18
Let k(u) = 989*u + 30666. Give k(-31).
7
Let y(g) = 42*g - 259. Calculate y(18).
497
Let i(a) = 17*a + 906. Determine i(-42).
192
Let a(v) = -184*v + 380. Determine a(2).
12
Let v(s) = -22*s**2 - 8*s - 2. Give v(-1).
-16
Let j(t) = 2*t**3 + 29*t**2 + 84*t + 12. Determine j(-3).
-33
Let s(k) = -7526*k - 67728. Determine s(-9).
6
Let q(r) = 95*r + 383. Calculate q(-4).
3
Let j(w) = w**3 + 6*w**2 + 4*w - 5. Give j(-5).
0
Let u(v) = -92*v. Calculate u(1).
-92
Let a(z) = 4*z**2 + 355*z - 1880. What is a(5)?
-5
Let g(v) = 864*v - 154656. Give g(179).
0
Let s(b) = -2*b**3 - 32*b**2 + 68*b - 19. What is s(-18)?
53
Let m(o) = -6417*o + 6429. Calculate m(1).
12
Let h(p) = -p**3 - 14*p**2 - 38*p + 10. Determine h(-7).
-67
Let b(d) = 5*d**2 + 47*d + 47. Give b(-1).
5
Let l(h) = -h**3 - 3*h**2 - 137*h - 404. Give l(-3).
7
Let v(u) = u**2 - 17*u - 2. Calculate v(20).
58
Let u(x) = -8*x**2 - 390*x + 512. Calculate u(-50).
12
Let w(h) = h**3 + 26*h**2 - 4*h - 89. Calculate w(-26).
15
Let o(c) = -c**3 - 9*c**2 + 98*c + 870. Give o(-10).
-10
Let g(d) = 7*d**3 + 20*d**2 - 63*d - 178. Determine g(-3).
2
Let j(s) = -21*s**2 + 145*s + 12. Calculate j(7).
-2
Let i(x) = x**3 - 40*x**2 - 130*x + 9. Calculate i(43).
-34
Let w(s) = 432*s + 861. Give w(-2).
-3
Let w(r) = -3*r**2 + 14*r - 20. Determine w(12).
-284
Let s(n) = -2*n**2 - 3*n + 25. Determine s(-4).
5
Let p(c) = -202*c + 1484. Calculate p(8).
-132
Let k(x) = 102*x - 1580. Calculate k(15).
-50
Let c(a) = 4*a**2 + 49*a - 1985. Give c(17).
4
Let f(n) = -n**3 + 18*n**2 - 19*n - 78. Give f(3).
0
Let x(q) = -q**2 + 4*q - 106. Give x(0).
-106
Let w(g) = g**2 - 76*g + 1263. What is w(23)?
44
Let y(u) = 42*u**2 + 140*u + 38. Give y(-3).
-4
Let j(c) = -261*c - 3908. What is j(-15)?
7
Let w(d) = -124*d - 247. Give w(-2).
1
Let c(g) = 2093*g + 8349. Give c(-4).
-23
Let i(p) = -3*p**2 - 26*p - 61. What is i(-13)?
-230
Let k(l) = 5*l**2 - 267*l + 607. What is k(51)?
-5
Let t(f) = 228*f**2 + 24397*f + 98. Calculate t(-107).
-9
Let g(u) = u**2 - 74*u + 498. Give g(55).
-547
Let b(l) = -10*l - 198. Give b(-22).
22
Let d(v) = v**3 + 8*v**2 - 2*v - 11. What is d(-8)?
5
Let b(u) = -3*u - 174. Calculate b(-19).
-117
Let j(z) = 10*z**2 - 19*z - 97. Give j(-6).
377
Let m(g) = -18*g**3 + 19*g**2 + 23*g. Determine m(-1).
14
Let y(m) = -2*m**2 - 71*m - 42. What is y(-29)?
335
Let s(n) = -179*n + 1630. Give s(9).
19
Let n(j) = 240*j - 3100. Determine n(13).
20
Let q(d) = -14*d**2 + 12*d - 20. Give q(2).
-52
Let l(d) = -143*d - 1914. What is l(-15)?
231
Let v(u) = -377*u + 2639. What is v(7)?
0
Let g(k) = k**3 + 7*k**2 + 11*k - 9. Determine g(-5).
-14
Let r(p) = p**3 - 22*p**2 - p - 1. What is r(-1)?
-23
Let d(s) = 4*s**3 - 6*s**2 - 10. Calculate d(3).
44
Let w(x) = 10*x - 434. Determine w(45).
16
Let s(v) = -v**2 + 3*v + 649. Determine s(27).
1
Let z(k) = -3*k**2 - 25*k + 251. Give z(5).
51
Let x(w) = -23*w + 166. What is x(8)?
-18
Let y(b) = b**3 + 12*b**2 + 60*b + 111. Determine y(-11).
-428
Let t(q) = 6*q**3 - 269*q**2 - 48*q + 129. Calculate t(45).
-6
Let y(i) = 27*i + 963. Give y(-34).
45
Let z(x) = 359*x - 1062. Calculate z(3).
15
Let c(g) = -3981*g + 39803. Calculate c(10).
-7
Let u(z) = 85*z**2 - 84*z + 5. Give u(1).
6
Let g(s) = 5*s**2 + 176*s + 13. Determine g(-38).
545
Let o(c) = 65*c**2 + 4475*c - 700. What is o(-69)?
-10
Let n(b) = -228*b + 2661. Determine n(11).
153
Let s(g) = -g**3 - 6*g**2 - 50*g + 108. Give s(2).
-24
Let o(g) = 2*g**2 - 166*g - 14035. What is o(135)?
5
Let m(h) = h**3 - 25*h**2 + 96*h - 82. Give m(21).
170
Let j(y) = 25*y**3 + 2*y**2 - 7*y - 11. What is j(-1)?
-27
Let u(x) = -10*x - 450. What is u(-48)?
30
Let c(i) = -i**3 - 58*i**2 - 164*i + 115. Calculate c(-55).
60
Let s(a) = 59*a**3 - a**2 + 3*a + 4. Give s(-1).
-59
Let g(c) = -c**2 - 15*c - 5. Give g(-6).
49
Let b(r) = r + 93. What is b(14)?
107
Let w(m) = m**3 + 89*m**2 + 503*m + 415. Calculate w(-83).
0
Let a(r) = 10*r**3 - 29*r**2 - 3*r - 8. Give a(4).
156
Let r(i) = 3*i**3 - 534*i**2 + 31*i - 5532. Determine r(178).
-14
Let l(b) = -54*b**2 - 713*b - 142. Determine l(-13).
1
Let b(u) = 4*u**3 + 5*u**2 + 4*u - 16. Determine b(-3).
-91
Let d(v) = v**3 - 15*v + 8. Determine d(4).
12
Let l(q) = -q**2 - 267*q - 12348. Give l(-60).
72
Let p(f) = -f**3 + 156*f**2 + 806*f - 123. Give p(161).
38
Let w(t) = -28*t**2 + 12*t - 5. What is w(-1)?
-45
Let t(g) = -24*g**3 + g**2 - 6*g - 5. Calculate t(-2).
203
Let v(q) = -72*q - 129. Give v(-2).
15
Let c(r) = -29*r - 690. Determine c(-24).
6
Let i(c) = -1791*c + 7222. Give i(4).
58
Let w(c) = -23*c - 406. Determine w(-20).
54
Let i(w) = -w**3 + 9*w**2 + 36*w - 5. Determine i(12).
-5
Let u(d) = 21*d - 488. What is u(13)?
-215
Let s(o) = o**3 - 18*o**2 - 129. Give s(18).
-129
Let l(b) = 6*b + 34. Determine l(-4).
10
Let t(g) = -123*g**2 + 835*g + 190. What is t(7)?
8
Let s(y) = 4*y**3 - 140*y**2 - 144*y + 4. Calculate s(36).
4
Let r(y) = -9*y**2 - 417*y - 1639. Calculate r(-42).
-1
Let q(y) = -y**3 - 28*y**2 - 153*y + 53. Calculate q(-8).
-3
Let l(n) = 6*n - 112. Give l(-4).
-136
Let b(y) = 5*y + 60. What is b(-5)?
35
Let m(c) = -c**3 + 9*c**2 + 6*c + 30. Calculate m(10).
-10
Let a(l) = -280*l - 8949. Give a(-32).
11
Let p(q) = 68*q**2 - 7*q + 4. Give p(-1).
79
Let j(c) = 366*c + 40241. Give j(-110).
-19
Let r(k) = k**3 - 9*k**2 + 20*k - 6. Determine r(7).
36
Let v(w) = 720*w + 6483. Calculate v(-9).
3
Let t(j) = 243*j + 7507. Calculate t(-31).
-26
Let w(u) = 22*u**2 + 6*u - 5. Determine w(1).
23
Let m(l) = 6*l**2 + l + 100. Determine m(0).
100
Let d(s) = 3*s**2 + 32*s + 137. Determine d(-4).
57
Let n(d) = 53*d - 1060. What is n(20)?
0
Let r(t) = -8*t**2 - 35*t - 63. What is r(-2)?
-25
Let j(h) = 31*h - 95. Determine j(-6).
-281
Let v(h) = 6*h**2 + 13*h + 29. What is v(-2)?
27
Let o(m) = -181*m + 9023. What is o(50)?
-27
Let h(j) = 3*j**2 - 136*j - 76. Determine h(46).
16
Let u(q) = -6*q**3 - 12*q - 33. Give u(-4).
399
Let h(y) = -6*y**2 - 3*y + 3. What is h(-4)?
-81
Let o(k) = 2*k**2 + 6*k - 26. Calculate o(4).
30
Let f(d) = -d**3 - 19*d**2 + 422*d + 152. Calculate f(-32).
-40
Let v(m) = m**3 - 22*m**2 + 29*m - 594. Give v(22).
44
Let u(p) = -484*p + 1435. Determine u(3).
-17
Let c(n) = -5*n**3 + 6*n**2 + 25*n - 16. What is c(4)?
-140
Let y(l) = -5*l**3 - 6*l**2 + 25*l + 57. Calculate y(-2).
23
Let a(h) = -2*h**3 + 52*h**2 + 141*h - 2349. Calculate a(27).
0
Let x(p) = -12*p**2 - 43*p - 42. What is x(-1)?
-11
Let n(q) = -12*q + 903. Determine n(75).
3
Let q(h) = 128*h - 289. What is q(2)?
-33
Let r(c) = 16*c - 154. Calculate r(11).
22
Let i(a) = -2*a**2 - 51*a + 20. Give i(-26).
-6
Let p(b) = -b**2 + 29*b + 444. Give p(-11).
4
Let s(h) = -h**2 + 19*h + 687. Give s(37).
21
Let v(y) = 28*y - 130. Determine v(5).
10
Let j(c) = c**2 + 254*c - 7032. Determine j(25).
-57
Let u(k) = -2*k**3 - 10*k**2 - 4*k + 20. Determine u(-6).
116
Let a(j) = -153*j + 1043. What is a(6)?
125
Let x(f) = 1640*f**2 - 9844*f + 19. Determine x(6).
-5
Let x(a) = -a**3 + 39*a**2 + 87*a - 208. What is x(41)?
-3
Let o(c) = -13*c**3 - c**2 - 12*c - 16. What is o(-2)?
108
Let a(r) = 10*r**2 + 429*r - 7. Give a(-43).
36
Let d(s) = -95*s + 52. Determine d(2